{"id":40,"date":"2017-02-13T17:13:35","date_gmt":"2017-02-13T16:13:35","guid":{"rendered":"http:\/\/www.renfordt-ahnen.de\/wordpress\/?page_id=40"},"modified":"2018-01-19T17:13:52","modified_gmt":"2018-01-19T16:13:52","slug":"der-name-renfordt-der-ort-rennerde","status":"publish","type":"page","link":"http:\/\/www.renfordt-ahnen.de\/wordpress\/der-name-renfordt-der-ort-rennerde\/","title":{"rendered":"Der Name Renfordt &#8211; der Ort Rennerde"},"content":{"rendered":"<h2><strong>Woher kommt der Name Renfordt?<\/strong><\/h2>\n<h4>Es gibt dazu einige Ger\u00fcchte, z. B. dass es Hugenotten waren und dazu finden wir bei Wikipedia:<\/h4>\n<p>ist die etwa seit 1560 gebr\u00e4uchliche Bezeichnung f\u00fcr die <a href=\"http:\/\/de.wikipedia.org\/wiki\/Frankreich\">franz\u00f6sischen<\/a> <a href=\"http:\/\/de.wikipedia.org\/wiki\/Protestanten\">Protestanten<\/a> im vorrevolution\u00e4ren Frankreich. Ihr <a href=\"http:\/\/de.wikipedia.org\/wiki\/Glaube\">Glaube<\/a> war stark vom <a href=\"http:\/\/de.wikipedia.org\/wiki\/Calvinismus\">Calvinismus<\/a>, der Lehre <a href=\"http:\/\/de.wikipedia.org\/wiki\/Johannes_Calvin\">Johannes Calvins<\/a> beeinflusst.<\/p>\n<p>Ab 1530 wurde die Glaubensaus\u00fcbung der Protestanten durch den katholischen <a href=\"http:\/\/de.wikipedia.org\/wiki\/Klerus\">Klerus<\/a> und den K\u00f6nig stark unterdr\u00fcckt. Mehrere Kirchen und Kl\u00f6ster wurden zerst\u00f6rt oder gepl\u00fcndert, so die <a href=\"http:\/\/de.wikipedia.org\/wiki\/Kathedrale_von_Soissons\">Kathedrale von Soissons<\/a> im Jahr 1567 und das <a href=\"http:\/\/de.wikipedia.org\/wiki\/Kloster_C%C3%AEteaux\">Kloster C\u00eeteaux<\/a> 1589. Daraufhin begannen noch st\u00e4rkere Verfolgungen, die unter <a href=\"http:\/\/de.wikipedia.org\/wiki\/Ludwig_XIV.\">Ludwig XIV.<\/a> durch sein <a href=\"http:\/\/de.wikipedia.org\/wiki\/Edikt_von_Fontainebleau\">Edikt von Fontainebleau<\/a> ab 1685 einen H\u00f6hepunkt erreichten und eine Fluchtwelle von etwa einer Viertelmillion Hugenotten in alle umliegenden, protestantischen L\u00e4nder ausl\u00f6sten.<\/p>\n<p>Quelle: Wikipedia <a href=\"http:\/\/de.wikipedia.org\/wiki\/Hugenotten\">http:\/\/de.wikipedia.org\/wiki\/Hugenotten<\/a><\/p>\n<figure id=\"attachment_48\" aria-describedby=\"caption-attachment-48\" style=\"width: 199px\" class=\"wp-caption alignnone\"><a href=\"https:\/\/i0.wp.com\/www.renfordt-ahnen.de\/wordpress\/wp-content\/uploads\/2017\/02\/Hugenottenkreuz-1.png\" target=\"_blank\" rel=\"noopener\"><img data-recalc-dims=\"1\" loading=\"lazy\" decoding=\"async\" data-attachment-id=\"48\" data-permalink=\"http:\/\/www.renfordt-ahnen.de\/wordpress\/der-name-renfordt-der-ort-rennerde\/hugenottenkreuz\/\" data-orig-file=\"https:\/\/i0.wp.com\/www.renfordt-ahnen.de\/wordpress\/wp-content\/uploads\/2017\/02\/Hugenottenkreuz-1.png?fit=199%2C253\" data-orig-size=\"199,253\" data-comments-opened=\"1\" data-image-meta=\"{&quot;aperture&quot;:&quot;0&quot;,&quot;credit&quot;:&quot;&quot;,&quot;camera&quot;:&quot;&quot;,&quot;caption&quot;:&quot;&quot;,&quot;created_timestamp&quot;:&quot;0&quot;,&quot;copyright&quot;:&quot;&quot;,&quot;focal_length&quot;:&quot;0&quot;,&quot;iso&quot;:&quot;0&quot;,&quot;shutter_speed&quot;:&quot;0&quot;,&quot;title&quot;:&quot;&quot;,&quot;orientation&quot;:&quot;0&quot;}\" data-image-title=\"Hugenottenkreuz\" data-image-description=\"\" data-image-caption=\"\" data-medium-file=\"https:\/\/i0.wp.com\/www.renfordt-ahnen.de\/wordpress\/wp-content\/uploads\/2017\/02\/Hugenottenkreuz-1.png?fit=199%2C253\" data-large-file=\"https:\/\/i0.wp.com\/www.renfordt-ahnen.de\/wordpress\/wp-content\/uploads\/2017\/02\/Hugenottenkreuz-1.png?fit=199%2C253\" class=\"wp-image-48 size-full\" src=\"https:\/\/i0.wp.com\/www.renfordt-ahnen.de\/wordpress\/wp-content\/uploads\/2017\/02\/Hugenottenkreuz-1.png?resize=199%2C253\" width=\"199\" height=\"253\" \/><\/a><figcaption id=\"caption-attachment-48\" class=\"wp-caption-text\">Hugenottenkreuz<\/figcaption><\/figure>\n<p><strong>In der Liste der in der hugenottischen Datenbank in Bad Karlshafen vorkommenden Nachnamen ist &#8222;Renfordt&#8220; allerdings nicht zu finden&#8230;.<\/strong> <strong>Auch sonstige Quellen, die diesen Ursprung belegen k\u00f6nnen,habe ich nicht gefunden.<\/strong><\/p>\n<p><strong>Weiter Informationen zu Hugenotten unter:<\/strong> <a href=\"http:\/\/www.hugenottenmuseum.de\/\">http:\/\/www.hugenottenmuseum.de\/<\/a> <a href=\"http:\/\/www.hugenotten.de\/\">http:\/\/www.hugenotten.de\/<\/a><br \/>\n<strong>&#8212;&#8212;&#8212;&#8212;&#8212;&#8212;&#8212;&#8212;&#8212;&#8212;&#8212;&#8212;&#8212;&#8212;&#8212;&#8212;&#8212;&#8212;&#8212;&#8212;&#8212;&#8212;&#8212;&#8212;&#8212;&#8212;&#8212;&#8212;&#8212;&#8212;&#8212;&#8211;<\/strong><\/p>\n<p>Sehr sicher ist es hingegen,\u00a0dass sich der Name aus dem heutigen Dorf <strong>Rennerde<\/strong> bei <a href=\"http:\/\/de.wikipedia.org\/wiki\/Nachrodt-Wiblingwerde\">Nachrodt-Wiblingwerde<\/a> entwickelt hat, dessen Namensgeschichte sehr interessant ist:<\/p>\n<p><em>&#8222;Der \u00e4lteste Beleg von Rennerde, den ehemals drei Einzelh\u00f6fen <\/em><br \/>\n<em><strong>&#8222;Obern-&#8220; Middern-&#8220; und &#8222;Niedern-Rennerde&#8220;<\/strong>, die sich durch \u00fcbliche Teilung zum heutigen Weiler entwickelt haben, ist vermutlich zur Zeit mit der Erw\u00e4hnung des Holzrichters der Lennemark &#8222;<strong>Johann zur Renf\u00f6rden<\/strong>&#8220; aus dem Jahre 1573 (Landmann-Chronik) gegeben. <\/em><\/p>\n<p><em>Die \u00fcbrige, wie \u00fcblich kurzgespannte Namens\u00fcberlieferung:<\/em><br \/>\n<em> Johann zur Rennvoerden (1573) <\/em><br \/>\n<em>Renfort (1693) <\/em><br \/>\n<em>Renfurt (1694) <\/em><br \/>\n<em>Renfoerde (1701) <\/em><br \/>\n<em>Renevorde (1704) <\/em><br \/>\n<em>Renvorde (1721) <\/em><br \/>\n<em>Rennerde (1738) <\/em><br \/>\n<em>Rennfordt (1740) <\/em><br \/>\n<em>Renforth (1803) zu <\/em><br \/>\n<em>Rennerde (seit 1810) <\/em><br \/>\n<em>macht und klar, dass wir eine &#8222;F\u00f6rde-Ort&#8220; wie bei Eilerde vor uns haben. &#8230;..&#8220;<\/em><\/p>\n<p><strong>Quelle:<\/strong> <em><span style=\"font-size: 10pt;\">&#8222;Nachrodt-Wiblingwerde&#8220; Beitr\u00e4ge zur Heimat- und Landeskunde&#8220; Hrsg. 1984 Heimatbund M\u00e4rkischer Kreis, Seite 186<\/span><\/em><br \/>\n<strong>&#8212;&#8212;&#8212;&#8212;&#8212;&#8212;&#8212;&#8212;&#8212;&#8212;&#8212;&#8212;&#8212;&#8212;&#8212;&#8212;&#8212;&#8212;&#8212;&#8212;&#8212;&#8212;&#8212;&#8212;&#8212;&#8212;&#8212;&#8212;&#8212;&#8212;&#8212;&#8211;<\/strong><\/p>\n<p><a href=\"https:\/\/i0.wp.com\/www.renfordt-ahnen.de\/wordpress\/wp-content\/uploads\/2017\/02\/Luftbild-Rennerde-1.jpg\" target=\"_blank\" rel=\"noopener\"><img data-recalc-dims=\"1\" loading=\"lazy\" decoding=\"async\" data-attachment-id=\"54\" data-permalink=\"http:\/\/www.renfordt-ahnen.de\/wordpress\/der-name-renfordt-der-ort-rennerde\/luftbild-rennerde\/\" data-orig-file=\"https:\/\/i0.wp.com\/www.renfordt-ahnen.de\/wordpress\/wp-content\/uploads\/2017\/02\/Luftbild-Rennerde-1.jpg?fit=1299%2C867\" data-orig-size=\"1299,867\" data-comments-opened=\"1\" data-image-meta=\"{&quot;aperture&quot;:&quot;0&quot;,&quot;credit&quot;:&quot;&quot;,&quot;camera&quot;:&quot;&quot;,&quot;caption&quot;:&quot;&quot;,&quot;created_timestamp&quot;:&quot;0&quot;,&quot;copyright&quot;:&quot;&quot;,&quot;focal_length&quot;:&quot;0&quot;,&quot;iso&quot;:&quot;0&quot;,&quot;shutter_speed&quot;:&quot;0&quot;,&quot;title&quot;:&quot;&quot;,&quot;orientation&quot;:&quot;0&quot;}\" data-image-title=\"Luftbild Rennerde\" data-image-description=\"\" data-image-caption=\"\" data-medium-file=\"https:\/\/i0.wp.com\/www.renfordt-ahnen.de\/wordpress\/wp-content\/uploads\/2017\/02\/Luftbild-Rennerde-1.jpg?fit=300%2C200\" data-large-file=\"https:\/\/i0.wp.com\/www.renfordt-ahnen.de\/wordpress\/wp-content\/uploads\/2017\/02\/Luftbild-Rennerde-1.jpg?fit=525%2C350\" class=\"wp-image-54 size-large\" src=\"https:\/\/i0.wp.com\/www.renfordt-ahnen.de\/wordpress\/wp-content\/uploads\/2017\/02\/Luftbild-Rennerde-1.jpg?resize=525%2C350\" width=\"525\" height=\"350\" srcset=\"https:\/\/i0.wp.com\/www.renfordt-ahnen.de\/wordpress\/wp-content\/uploads\/2017\/02\/Luftbild-Rennerde-1.jpg?resize=1024%2C683 1024w, https:\/\/i0.wp.com\/www.renfordt-ahnen.de\/wordpress\/wp-content\/uploads\/2017\/02\/Luftbild-Rennerde-1.jpg?resize=300%2C200 300w, https:\/\/i0.wp.com\/www.renfordt-ahnen.de\/wordpress\/wp-content\/uploads\/2017\/02\/Luftbild-Rennerde-1.jpg?resize=768%2C513 768w, https:\/\/i0.wp.com\/www.renfordt-ahnen.de\/wordpress\/wp-content\/uploads\/2017\/02\/Luftbild-Rennerde-1.jpg?w=1299 1299w\" sizes=\"auto, (max-width: 525px) 100vw, 525px\" \/><\/a><\/p>\n<p>Luftbild Rennerde (Google Earth 2013)<\/p>\n<p><strong>&#8212;&#8212;&#8212;&#8212;&#8212;&#8212;&#8212;&#8212;&#8212;&#8212;&#8212;&#8212;&#8212;&#8212;&#8212;&#8212;&#8212;&#8212;&#8212;&#8212;&#8212;&#8212;&#8212;&#8212;&#8212;&#8212;&#8212;&#8212;&#8212;&#8212;&#8212;&#8211;<\/strong><\/p>\n<figure id=\"attachment_51\" aria-describedby=\"caption-attachment-51\" style=\"width: 585px\" class=\"wp-caption alignnone\"><a href=\"https:\/\/i0.wp.com\/www.renfordt-ahnen.de\/wordpress\/wp-content\/uploads\/2017\/02\/AK-Rennerde-1915-2.jpg\" target=\"_blank\" rel=\"noopener\"><img data-recalc-dims=\"1\" loading=\"lazy\" decoding=\"async\" data-attachment-id=\"51\" data-permalink=\"http:\/\/www.renfordt-ahnen.de\/wordpress\/der-name-renfordt-der-ort-rennerde\/ak-rennerde-1915\/\" data-orig-file=\"https:\/\/i0.wp.com\/www.renfordt-ahnen.de\/wordpress\/wp-content\/uploads\/2017\/02\/AK-Rennerde-1915-2.jpg?fit=585%2C385\" data-orig-size=\"585,385\" data-comments-opened=\"1\" data-image-meta=\"{&quot;aperture&quot;:&quot;0&quot;,&quot;credit&quot;:&quot;Jochen Renfordt&quot;,&quot;camera&quot;:&quot;&quot;,&quot;caption&quot;:&quot;&quot;,&quot;created_timestamp&quot;:&quot;1440665879&quot;,&quot;copyright&quot;:&quot;&quot;,&quot;focal_length&quot;:&quot;0&quot;,&quot;iso&quot;:&quot;0&quot;,&quot;shutter_speed&quot;:&quot;0&quot;,&quot;title&quot;:&quot;&quot;,&quot;orientation&quot;:&quot;0&quot;}\" data-image-title=\"AK Rennerde 1915\" data-image-description=\"\" data-image-caption=\"\" data-medium-file=\"https:\/\/i0.wp.com\/www.renfordt-ahnen.de\/wordpress\/wp-content\/uploads\/2017\/02\/AK-Rennerde-1915-2.jpg?fit=300%2C197\" data-large-file=\"https:\/\/i0.wp.com\/www.renfordt-ahnen.de\/wordpress\/wp-content\/uploads\/2017\/02\/AK-Rennerde-1915-2.jpg?fit=525%2C346\" class=\"wp-image-51 size-full\" src=\"https:\/\/i0.wp.com\/www.renfordt-ahnen.de\/wordpress\/wp-content\/uploads\/2017\/02\/AK-Rennerde-1915-2.jpg?resize=525%2C346\" width=\"525\" height=\"346\" srcset=\"https:\/\/i0.wp.com\/www.renfordt-ahnen.de\/wordpress\/wp-content\/uploads\/2017\/02\/AK-Rennerde-1915-2.jpg?w=585 585w, https:\/\/i0.wp.com\/www.renfordt-ahnen.de\/wordpress\/wp-content\/uploads\/2017\/02\/AK-Rennerde-1915-2.jpg?resize=300%2C197 300w\" sizes=\"auto, (max-width: 525px) 100vw, 525px\" \/><\/a><figcaption id=\"caption-attachment-51\" class=\"wp-caption-text\">Postkarte Rennerde um 1910-1915<\/figcaption><\/figure>\n<p><span style=\"font-size: 10pt;\"><em>Rennerde um 1910 (Sch\u00e4tzung Heimatverein Wiblingwerde) oder<br \/>\n1915 (Sch\u00e4tzung M\u00e4rkischer Kreis)\u00a0<\/em><\/span><br \/>\nLinks: Das Haus der Familie Renfordt. Vor dem Haus: Lisette Panne, geb. Knipps. Auf der Stra\u00dfe vor dem Haus: Dietrich Renfordt genannt der &#8222;Lange Titti&#8220;. Bildmitte und rechts: Der Hof der Familie Schnepper, rechts im Vordergrund die &#8222;Schmitte&#8220; (Schmiede), ganz rechts der &#8222;Backes&#8220; (Backhaus), vor der Schmitte Anna Winkhaus.<\/p>\n<p><strong>&#8212;&#8212;&#8212;&#8212;&#8212;&#8212;&#8212;&#8212;&#8212;&#8212;&#8212;&#8212;&#8212;&#8212;&#8212;&#8212;&#8212;&#8212;&#8212;&#8212;&#8212;&#8212;&#8212;&#8212;&#8212;&#8212;&#8212;&#8212;&#8212;&#8212;&#8212;&#8211;<\/strong><\/p>\n<p>&nbsp;<\/p>\n<p><a href=\"https:\/\/i0.wp.com\/www.renfordt-ahnen.de\/wordpress\/wp-content\/uploads\/2017\/02\/Postkarte-Rennerde-ca.-1940-2.jpg\" target=\"_blank\" rel=\"noopener\"><img data-recalc-dims=\"1\" loading=\"lazy\" decoding=\"async\" data-attachment-id=\"56\" data-permalink=\"http:\/\/www.renfordt-ahnen.de\/wordpress\/der-name-renfordt-der-ort-rennerde\/postkarte-rennerde-ca-1940\/\" data-orig-file=\"https:\/\/i0.wp.com\/www.renfordt-ahnen.de\/wordpress\/wp-content\/uploads\/2017\/02\/Postkarte-Rennerde-ca.-1940-2.jpg?fit=961%2C617\" data-orig-size=\"961,617\" data-comments-opened=\"1\" data-image-meta=\"{&quot;aperture&quot;:&quot;0&quot;,&quot;credit&quot;:&quot;Jochen Renfordt&quot;,&quot;camera&quot;:&quot;&quot;,&quot;caption&quot;:&quot;&quot;,&quot;created_timestamp&quot;:&quot;1459676641&quot;,&quot;copyright&quot;:&quot;&quot;,&quot;focal_length&quot;:&quot;0&quot;,&quot;iso&quot;:&quot;0&quot;,&quot;shutter_speed&quot;:&quot;0&quot;,&quot;title&quot;:&quot;&quot;,&quot;orientation&quot;:&quot;0&quot;}\" data-image-title=\"Postkarte Rennerde ca. 1940\" data-image-description=\"\" data-image-caption=\"\" data-medium-file=\"https:\/\/i0.wp.com\/www.renfordt-ahnen.de\/wordpress\/wp-content\/uploads\/2017\/02\/Postkarte-Rennerde-ca.-1940-2.jpg?fit=300%2C193\" data-large-file=\"https:\/\/i0.wp.com\/www.renfordt-ahnen.de\/wordpress\/wp-content\/uploads\/2017\/02\/Postkarte-Rennerde-ca.-1940-2.jpg?fit=525%2C337\" class=\"alignnone wp-image-56 size-full\" src=\"https:\/\/i0.wp.com\/www.renfordt-ahnen.de\/wordpress\/wp-content\/uploads\/2017\/02\/Postkarte-Rennerde-ca.-1940-2.jpg?resize=525%2C337\" width=\"525\" height=\"337\" srcset=\"https:\/\/i0.wp.com\/www.renfordt-ahnen.de\/wordpress\/wp-content\/uploads\/2017\/02\/Postkarte-Rennerde-ca.-1940-2.jpg?w=961 961w, https:\/\/i0.wp.com\/www.renfordt-ahnen.de\/wordpress\/wp-content\/uploads\/2017\/02\/Postkarte-Rennerde-ca.-1940-2.jpg?resize=300%2C193 300w, https:\/\/i0.wp.com\/www.renfordt-ahnen.de\/wordpress\/wp-content\/uploads\/2017\/02\/Postkarte-Rennerde-ca.-1940-2.jpg?resize=768%2C493 768w\" sizes=\"auto, (max-width: 767px) 89vw, (max-width: 1000px) 54vw, (max-width: 1071px) 543px, 580px\" \/><\/a><br \/>\nPostkarte Rennerde um 1939<\/p>\n<p><strong>&#8212;&#8212;&#8212;&#8212;&#8212;&#8212;&#8212;&#8212;&#8212;&#8212;&#8212;&#8212;&#8212;&#8212;&#8212;&#8212;&#8212;&#8212;&#8212;&#8212;&#8212;&#8212;&#8212;&#8212;&#8212;&#8212;&#8212;&#8212;&#8212;&#8212;&#8212;&#8211;<\/strong><\/p>\n<p><strong><u>Artikel WAZ 21.10.2012<br \/>\n<\/u><\/strong><strong><br \/>\n<\/strong><span style=\"font-size: 12pt;\"><strong>Nachrodt-Wiblingwerde.<\/strong> Woher kommen die Namen der Siedlungen, Weiler und Geh\u00f6fte in der Gemeinde. In der WR-Serie berichten wir heute \u00fcber Rennerde.<\/span><\/p>\n<p><span style=\"font-size: 12pt;\">Einstens kamen der Graf Adolf von Altena und seine Gattin zum Kirchgang nach Wiblingwerde. Kurz vor dem Ziel entdeckte die Gr\u00e4fin das Fehlen ihres Handt\u00e4schchens. Ein williger Bursche von der Wiblingwerder H\u00f6he bot sich an, das Vermisste zu holen. Mit den Worten \u201erenn er\u201c, wurde der junge Mann zur Burg Altena geschickt. Es dauerte nicht lange, da war er zur Freude der Gr\u00e4fin wieder zur\u00fcck. Zum Dank an die gute Tat, nannte der Graf die Stelle, wo der Bauernbursche wohnte, Rennerde.<\/span><\/p>\n<p><a href=\"https:\/\/i0.wp.com\/www.renfordt-ahnen.de\/wordpress\/wp-content\/uploads\/2017\/02\/Bild-zu-renn-er.jpg\" target=\"_blank\" rel=\"noopener\"><img data-recalc-dims=\"1\" loading=\"lazy\" decoding=\"async\" data-attachment-id=\"65\" data-permalink=\"http:\/\/www.renfordt-ahnen.de\/wordpress\/der-name-renfordt-der-ort-rennerde\/bild-zu-renn-er\/\" data-orig-file=\"https:\/\/i0.wp.com\/www.renfordt-ahnen.de\/wordpress\/wp-content\/uploads\/2017\/02\/Bild-zu-renn-er.jpg?fit=660%2C244\" data-orig-size=\"660,244\" data-comments-opened=\"1\" data-image-meta=\"{&quot;aperture&quot;:&quot;0&quot;,&quot;credit&quot;:&quot;&quot;,&quot;camera&quot;:&quot;&quot;,&quot;caption&quot;:&quot;&quot;,&quot;created_timestamp&quot;:&quot;0&quot;,&quot;copyright&quot;:&quot;&quot;,&quot;focal_length&quot;:&quot;0&quot;,&quot;iso&quot;:&quot;0&quot;,&quot;shutter_speed&quot;:&quot;0&quot;,&quot;title&quot;:&quot;&quot;,&quot;orientation&quot;:&quot;0&quot;}\" data-image-title=\"Bild zu renn er\" data-image-description=\"\" data-image-caption=\"\" data-medium-file=\"https:\/\/i0.wp.com\/www.renfordt-ahnen.de\/wordpress\/wp-content\/uploads\/2017\/02\/Bild-zu-renn-er.jpg?fit=300%2C111\" data-large-file=\"https:\/\/i0.wp.com\/www.renfordt-ahnen.de\/wordpress\/wp-content\/uploads\/2017\/02\/Bild-zu-renn-er.jpg?fit=525%2C194\" class=\"alignnone wp-image-65 size-full\" src=\"https:\/\/i0.wp.com\/www.renfordt-ahnen.de\/wordpress\/wp-content\/uploads\/2017\/02\/Bild-zu-renn-er.jpg?resize=525%2C194\" width=\"525\" height=\"194\" srcset=\"https:\/\/i0.wp.com\/www.renfordt-ahnen.de\/wordpress\/wp-content\/uploads\/2017\/02\/Bild-zu-renn-er.jpg?w=660 660w, https:\/\/i0.wp.com\/www.renfordt-ahnen.de\/wordpress\/wp-content\/uploads\/2017\/02\/Bild-zu-renn-er.jpg?resize=300%2C111 300w\" sizes=\"auto, (max-width: 525px) 100vw, 525px\" \/><\/a><\/p>\n<p><span style=\"font-size: 12pt;\">Diese Geschichte von der Entstehung des Namens von den D\u00f6rfchen wird heute oft erz\u00e4hlt. Sie hat nur einen Haken: Es ist eine M\u00e4r.<\/span><\/p>\n<p><strong>Verschiedene Schreibweisen<\/strong><\/p>\n<p><span style=\"font-size: 12pt;\">In den Buch zum Kreisheimattag, der 1984 in der Doppelgemeinde stattfand, hat sich Ortsheimatpfleger Karl-Kurt Heering in einer Auflistung der verschiedenen Schreibweisen der Ortschaft angenommen. Und erstellte fest, dass der Weiler im Jahr 1693 Renfort, ein Jahr sp\u00e4ter Renfurt und ab 1700 Renfoerde geschrieben wurde. Erst seit 1810 hei\u00dft die Bauernschaft Rennerde. Als Deutung in unsere Sprache f\u00fchrt Karl-Kurt Heering den Namen \u201eDurchgang durch einen schmalen Wasserlauf\u201c auf.<\/span><\/p>\n<p><span style=\"font-size: 12pt;\">Damit d\u00fcrfte Heering wohl auch sehr nahe an den Ursprung f\u00fcr die Namensgebung herankommen. Denn der Ort liegt wirklich an einem kleinen Rinnsal. Das Wort \u201eRinnsal\u201c f\u00fchrt ganz in die Richtung von Rennford, Rennfoerde oder eben Rennerde. Und so d\u00fcrfte die Ansiedlung den Namen schon l\u00e4ngst getragen haben, bevor der Graf von Altena ihn in der sch\u00f6nen Geschichte mit \u201erenn er\u201c so bezeichnen lie\u00df. Denn \u201eren\u201c und \u201erin\u201c sind uralte Bezeichnungen f\u00fcr einen schmalen Wasserlauf. Die Bezeichnungen \u201efurt\u201c, \u201efort\u201c oder \u201efoerde\u201c sind alt-s\u00e4chsischer Herkunft und bedeuten soviel wie \u201eDurchgang\u201c. Dies schreibt auch Heimatforscher Wilhelm Bleicher in seinen Buch zum Kreisheimattag 1984 so \u00fcber den Ursprung des Namens.<\/span><\/p>\n<p><span style=\"font-size: 12pt;\">Zweifelsfrei hat die alte Bezeichnung von Rennerde auch Pate gestanden beim Familiennamen \u201eRenfordt\u201c. So findet ein Johann zur Renfoerden 1573 erste Erw\u00e4hnung. Sein Name ist daher urkundlich erw\u00e4hnt, weil er Holzrichter der Lennemark gewesen ist. Der Urvater aller Renfordts d\u00fcrfte aber noch viel \u00e4lter sein, da Rennerde ja eine sehr fr\u00fche Ansiedlung ist. \u00c4lteste Belege zeugen von drei H\u00f6fen, die als Obern-, Midden- oder Niedernhof bezeichnet wurden.<\/span><\/p>\n<p><span style=\"font-size: 12pt;\">Das Gut Obern Rennerde geh\u00f6rte urspr\u00fcnglich der Kirche in Wiblingwerde. Es wurde sp\u00e4ter von einer Familie Neuhaus gekauft. Die \u00fcbrigen H\u00f6fe bewirtschaften Familien mit dem Namen Renfordt. Der Familienname Renfordt fand von dort aus zun\u00e4chst Verbreitung in den umliegenden Ortschaften und Geh\u00f6fen. Anfang 1800 tauchen zum Beispiel ein Heinrich Rennefort zu Veserde, ein K\u00f6hler Hermann Heinrich Rennefordt zu Kaltenborn, Johann Peter Friedrich Rennefordt zu Herlsen und Hermann Caspar Renfordt in Eilerde auf.<\/span><\/p>\n<p><span style=\"font-size: 12pt;\">Letzterer bat um eine Freistellung vom Wehrdienst, da er sich eine Schmiede eingerichtet hatte.<\/span><\/p>\n<p><span style=\"font-size: 12pt;\">Im Jahre 1812 musste ein Thomas Renford aus Rennerde mit dem napoleonischen Heer den Feldzug nach Russland mitmachen. Er ist von dort nicht zur\u00fcckgekehrt. Wie das Schicksal den Menschen so mitspielt: In den Jahren von 1813 bis 1815 zogen dann Hermann Dietrich Renfordt aus Rennerde und der zuvor erw\u00e4hnte Hermann Caspar Renfordt aus Eilerde in den Befreiungskriegen mit dem preu\u00dfischen Heer gegen Napoleon. Wie bekannt ist, kamen sie unversehrt in die Heimat zur\u00fcck.<\/span><\/p>\n<p><span style=\"font-size: 12pt;\">Es ist interessant festzustellen, dass der Familienname Renfordt auch heute fast nur in der Gemeinde Nachrodt-Wiblingwerde und in den umliegenden St\u00e4dten vorkommt und so gut wie gar nicht im \u00fcbrigen Deutschland. Ein Beweis daf\u00fcr, dass der Ortsname Rennerde und Renfordt einen gemeinsamen Ursprung haben.<\/span><\/p>\n<p>Heinz Linke<\/p>\n<p><strong>&#8212;&#8212;&#8212;&#8212;&#8212;&#8212;&#8212;&#8212;&#8212;&#8212;&#8212;&#8212;&#8212;&#8212;&#8212;&#8212;&#8212;&#8212;&#8212;&#8212;&#8212;&#8212;&#8212;&#8212;&#8212;&#8212;&#8212;&#8212;&#8212;&#8212;&#8212;&#8211;<\/strong><\/p>\n<p>&nbsp;<\/p>\n<p><strong>Hier noch der obige Zeitungsartikel \u00fcber die Herkunft des Namens, der mich dankenswerterweise \u00fcber Herrn Norman Renfordt erreichte:<\/strong><br \/>\n(um ein besseres Bild bem\u00fche ich mich noch)<\/p>\n<figure id=\"attachment_58\" aria-describedby=\"caption-attachment-58\" style=\"width: 576px\" class=\"wp-caption alignnone\"><a href=\"https:\/\/i0.wp.com\/www.renfordt-ahnen.de\/wordpress\/wp-content\/uploads\/2017\/02\/Rennerde-Zeitungsartikel-1.jpg\" target=\"_blank\" rel=\"noopener\"><img data-recalc-dims=\"1\" loading=\"lazy\" decoding=\"async\" data-attachment-id=\"58\" data-permalink=\"http:\/\/www.renfordt-ahnen.de\/wordpress\/der-name-renfordt-der-ort-rennerde\/rennerde-zeitungsartikel\/\" data-orig-file=\"https:\/\/i0.wp.com\/www.renfordt-ahnen.de\/wordpress\/wp-content\/uploads\/2017\/02\/Rennerde-Zeitungsartikel-1.jpg?fit=576%2C960\" data-orig-size=\"576,960\" data-comments-opened=\"1\" data-image-meta=\"{&quot;aperture&quot;:&quot;0&quot;,&quot;credit&quot;:&quot;&quot;,&quot;camera&quot;:&quot;&quot;,&quot;caption&quot;:&quot;&quot;,&quot;created_timestamp&quot;:&quot;0&quot;,&quot;copyright&quot;:&quot;&quot;,&quot;focal_length&quot;:&quot;0&quot;,&quot;iso&quot;:&quot;0&quot;,&quot;shutter_speed&quot;:&quot;0&quot;,&quot;title&quot;:&quot;&quot;,&quot;orientation&quot;:&quot;0&quot;}\" data-image-title=\"Rennerde Zeitungsartikel\" data-image-description=\"\" data-image-caption=\"\" data-medium-file=\"https:\/\/i0.wp.com\/www.renfordt-ahnen.de\/wordpress\/wp-content\/uploads\/2017\/02\/Rennerde-Zeitungsartikel-1.jpg?fit=180%2C300\" data-large-file=\"https:\/\/i0.wp.com\/www.renfordt-ahnen.de\/wordpress\/wp-content\/uploads\/2017\/02\/Rennerde-Zeitungsartikel-1.jpg?fit=525%2C875\" class=\"wp-image-58 size-full\" src=\"https:\/\/i0.wp.com\/www.renfordt-ahnen.de\/wordpress\/wp-content\/uploads\/2017\/02\/Rennerde-Zeitungsartikel-1.jpg?resize=525%2C875\" width=\"525\" height=\"875\" srcset=\"https:\/\/i0.wp.com\/www.renfordt-ahnen.de\/wordpress\/wp-content\/uploads\/2017\/02\/Rennerde-Zeitungsartikel-1.jpg?w=576 576w, https:\/\/i0.wp.com\/www.renfordt-ahnen.de\/wordpress\/wp-content\/uploads\/2017\/02\/Rennerde-Zeitungsartikel-1.jpg?resize=180%2C300 180w\" sizes=\"auto, (max-width: 525px) 100vw, 525px\" \/><\/a><figcaption id=\"caption-attachment-58\" class=\"wp-caption-text\">Altenaer Kreisblatt 31.03.2016<\/figcaption><\/figure>\n","protected":false},"excerpt":{"rendered":"<p>Woher kommt der Name Renfordt? Es gibt dazu einige Ger\u00fcchte, z. B. dass es Hugenotten waren und dazu finden wir bei Wikipedia: ist die etwa seit 1560 gebr\u00e4uchliche Bezeichnung f\u00fcr die franz\u00f6sischen Protestanten im vorrevolution\u00e4ren Frankreich. Ihr Glaube war stark vom Calvinismus, der Lehre Johannes Calvins beeinflusst. Ab 1530 wurde die Glaubensaus\u00fcbung der Protestanten durch &hellip; <\/p>\n<p class=\"link-more\"><a href=\"http:\/\/www.renfordt-ahnen.de\/wordpress\/der-name-renfordt-der-ort-rennerde\/\" class=\"more-link\"><span class=\"screen-reader-text\">\u201eDer Name Renfordt &#8211; der Ort Rennerde\u201c<\/span> weiterlesen<\/a><\/p>\n","protected":false},"author":1,"featured_media":0,"parent":0,"menu_order":0,"comment_status":"closed","ping_status":"closed","template":"","meta":{"jetpack_post_was_ever_published":false,"footnotes":""},"class_list":["post-40","page","type-page","status-publish","hentry"],"jetpack_sharing_enabled":true,"jetpack_shortlink":"https:\/\/wp.me\/P8qp12-E","jetpack-related-posts":[],"_links":{"self":[{"href":"http:\/\/www.renfordt-ahnen.de\/wordpress\/wp-json\/wp\/v2\/pages\/40","targetHints":{"allow":["GET"]}}],"collection":[{"href":"http:\/\/www.renfordt-ahnen.de\/wordpress\/wp-json\/wp\/v2\/pages"}],"about":[{"href":"http:\/\/www.renfordt-ahnen.de\/wordpress\/wp-json\/wp\/v2\/types\/page"}],"author":[{"embeddable":true,"href":"http:\/\/www.renfordt-ahnen.de\/wordpress\/wp-json\/wp\/v2\/users\/1"}],"replies":[{"embeddable":true,"href":"http:\/\/www.renfordt-ahnen.de\/wordpress\/wp-json\/wp\/v2\/comments?post=40"}],"version-history":[{"count":12,"href":"http:\/\/www.renfordt-ahnen.de\/wordpress\/wp-json\/wp\/v2\/pages\/40\/revisions"}],"predecessor-version":[{"id":218,"href":"http:\/\/www.renfordt-ahnen.de\/wordpress\/wp-json\/wp\/v2\/pages\/40\/revisions\/218"}],"wp:attachment":[{"href":"http:\/\/www.renfordt-ahnen.de\/wordpress\/wp-json\/wp\/v2\/media?parent=40"}],"curies":[{"name":"wp","href":"https:\/\/api.w.org\/{rel}","templated":true}]}}