{"id":82,"date":"2017-02-13T17:22:34","date_gmt":"2017-02-13T16:22:34","guid":{"rendered":"http:\/\/www.renfordt-ahnen.de\/wordpress\/?page_id=82"},"modified":"2017-02-13T17:22:34","modified_gmt":"2017-02-13T16:22:34","slug":"der-musiker-juergen-renfordt","status":"publish","type":"page","link":"http:\/\/www.renfordt-ahnen.de\/wordpress\/der-musiker-juergen-renfordt\/","title":{"rendered":"Der Musiker J\u00fcrgen Renfordt"},"content":{"rendered":"<p><strong>J\u00fcrgen Renfordt (* <\/strong><a href=\"http:\/\/de.wikipedia.org\/wiki\/25._Januar\"><strong>25. Januar<\/strong><\/a> <a href=\"http:\/\/de.wikipedia.org\/wiki\/1955\"><strong>1955<\/strong><\/a><strong> in <\/strong><a href=\"http:\/\/de.wikipedia.org\/wiki\/Wetter_(Ruhr)\"><strong>Wetter an der Ruhr<\/strong><\/a><strong>) ist der wohl bekannteste Renfordt in der \u00d6ffentlichkeit. Er ist Schlagers\u00e4nger, Komponist, Texter, Musikproduzent und WDR 4-Moderator.<\/strong><\/p>\n<figure id=\"attachment_69\" aria-describedby=\"caption-attachment-69\" style=\"width: 200px\" class=\"wp-caption alignleft\"><a href=\"https:\/\/i0.wp.com\/www.renfordt-ahnen.de\/wordpress\/wp-content\/uploads\/2017\/02\/J%C3%BCrgen-Renfordt-2.jpg\" target=\"_blank\"><img data-recalc-dims=\"1\" loading=\"lazy\" decoding=\"async\" data-attachment-id=\"69\" data-permalink=\"http:\/\/www.renfordt-ahnen.de\/wordpress\/interessante-namen-und-details\/juergen-renfordt-2\/\" data-orig-file=\"https:\/\/i0.wp.com\/www.renfordt-ahnen.de\/wordpress\/wp-content\/uploads\/2017\/02\/J%C3%BCrgen-Renfordt-2.jpg?fit=300%2C451\" data-orig-size=\"300,451\" data-comments-opened=\"1\" data-image-meta=\"{&quot;aperture&quot;:&quot;0&quot;,&quot;credit&quot;:&quot;&quot;,&quot;camera&quot;:&quot;&quot;,&quot;caption&quot;:&quot;&quot;,&quot;created_timestamp&quot;:&quot;0&quot;,&quot;copyright&quot;:&quot;&quot;,&quot;focal_length&quot;:&quot;0&quot;,&quot;iso&quot;:&quot;0&quot;,&quot;shutter_speed&quot;:&quot;0&quot;,&quot;title&quot;:&quot;&quot;,&quot;orientation&quot;:&quot;0&quot;}\" data-image-title=\"J\u00fcrgen Renfordt\" data-image-description=\"\" data-image-caption=\"\" data-medium-file=\"https:\/\/i0.wp.com\/www.renfordt-ahnen.de\/wordpress\/wp-content\/uploads\/2017\/02\/J%C3%BCrgen-Renfordt-2.jpg?fit=200%2C300\" data-large-file=\"https:\/\/i0.wp.com\/www.renfordt-ahnen.de\/wordpress\/wp-content\/uploads\/2017\/02\/J%C3%BCrgen-Renfordt-2.jpg?fit=300%2C451\" class=\"wp-image-69 size-medium\" src=\"https:\/\/i0.wp.com\/www.renfordt-ahnen.de\/wordpress\/wp-content\/uploads\/2017\/02\/J%C3%BCrgen-Renfordt-2.jpg?resize=200%2C300\" width=\"200\" height=\"300\" srcset=\"https:\/\/i0.wp.com\/www.renfordt-ahnen.de\/wordpress\/wp-content\/uploads\/2017\/02\/J%C3%BCrgen-Renfordt-2.jpg?resize=200%2C300 200w, https:\/\/i0.wp.com\/www.renfordt-ahnen.de\/wordpress\/wp-content\/uploads\/2017\/02\/J%C3%BCrgen-Renfordt-2.jpg?w=300 300w\" sizes=\"auto, (max-width: 200px) 100vw, 200px\" \/><\/a><figcaption id=\"caption-attachment-69\" class=\"wp-caption-text\">J\u00fcrgen Renfordt<\/figcaption><\/figure>\n<h2><strong><em>Leben<\/em><\/strong><\/h2>\n<p><em>Renfordt studierte nach der Schule zun\u00e4chst <\/em><a href=\"http:\/\/de.wikipedia.org\/wiki\/Germanistik\"><em>Germanistik<\/em><\/a><em> und Sport an der <\/em><a href=\"http:\/\/de.wikipedia.org\/wiki\/Ruhr-Universit%C3%A4t_Bochum\"><em>Ruhr-Universit\u00e4t Bochum<\/em><\/a><em>. Dann begann er als S\u00e4nger bei diversen Rockgruppen, bevor er sich dem deutschen Schlager widmete. Seit Anfang der <\/em><a href=\"http:\/\/de.wikipedia.org\/wiki\/1980er\"><em>1980er<\/em><\/a><em> Jahre hatte er Erfolge als Schlagers\u00e4nger.<\/em><\/p>\n<p><em>1981 nahm Renfordt an der deutschen Vorentscheidung zum <\/em><a href=\"http:\/\/de.wikipedia.org\/wiki\/Eurovision_Song_Contest\"><em>Eurovision Song Contest<\/em><\/a><em> teil. Sein Titel Barfu\u00df durch ein Feuer kam auf Platz vier. Seit jener Zeit ist er Gast von Musiksendungen im Fernsehen. 1984 nahm er erneut bei der Vorentscheidung zum Eurovision Song Contest teil. Sein Titel Tanz auf dem Vulkan kam auf Platz acht. Im gleichen Jahr nahm er mit <\/em><a href=\"http:\/\/de.wikipedia.org\/wiki\/Denise_(S%C3%A4ngerin)\"><em>Denise<\/em><\/a><em> das Duett Kein Wort zuviel, die deutsche Aufnahme von Don\u2019t answer me, auf. 1985 belegte er mit Am Anfang der Zeit Platz neun bei der Vorentscheidung zum Eurovision Song Contest.<\/em><\/p>\n<p><em>Dann wurde es f\u00fcr Renfordt als Interpret etwas ruhiger. Er arbeitete haupts\u00e4chlich als Komponist und Texter f\u00fcr viele Kollegen, schrieb Lieder f\u00fcr Sandy Wagner, Michael Holm, Ibo, Roy Black, Die Flippers und viele Andere, bis er 1988 seinen bisher gr\u00f6\u00dften Erfolg Zu verkaufen: Ein schneewei\u00dfes Brautkleid hatte, der zum Kultschlager avancierte. Bemerkenswert daran ist, dass dieses Lied ebenfalls zum Vorentscheid des Grand Prix f\u00fcr Deutschland eingereicht wurde, aber die Radiovorauswahl nicht \u00fcberstand.<\/em><\/p>\n<p><em>Renfordt ist mit Best\u00e4ndigkeit in allen Bereichen auf dem Musikmarkt vertreten. Als Komponist gelangen ihm mehrere Charterfolge auch im Ausland. Von ihm komponierte Songs erreichten immer wieder weltweit Top-Platzierungen in den Verkaufscharts. Bis heute stammen nahezu 500 Titel aus seiner Feder.<\/em><\/p>\n<p><em>Seit Jahren arbeitet er dar\u00fcber hinaus als Radio- und Fernsehmoderator beim WDR in K\u00f6ln und ist als Autor und Produzent t\u00e4tig.<\/em><\/p>\n<p><em>\u00dcber den Privatmenschen Renfordt ist jedoch wenig bekannt, da er mit privaten \u00c4u\u00dferungen vorsichtig ist. Bekannt ist jedoch, dass er zwei Schwestern hat, verheiratet sowie Vater einer Tochter ist und in <\/em><a href=\"http:\/\/de.wikipedia.org\/wiki\/Wetter_(Ruhr)\"><em>Wetter an der Ruhr<\/em><\/a><em> wohnt.<\/em><\/p>\n<p><strong>\u00a0<\/strong><\/p>\n<p>Zu seine <a href=\"http:\/\/www.juergen-renfordt.de\/\">Homepage<\/a> Zu seinem <a href=\"http:\/\/de.wikipedia.org\/wiki\/J%C3%BCrgen_Renfordt\">Wikipedia<\/a><\/p>\n","protected":false},"excerpt":{"rendered":"<p>J\u00fcrgen Renfordt (* 25. Januar 1955 in Wetter an der Ruhr) ist der wohl bekannteste Renfordt in der \u00d6ffentlichkeit. Er ist Schlagers\u00e4nger, Komponist, Texter, Musikproduzent und WDR 4-Moderator. Leben Renfordt studierte nach der Schule zun\u00e4chst Germanistik und Sport an der Ruhr-Universit\u00e4t Bochum. Dann begann er als S\u00e4nger bei diversen Rockgruppen, bevor er sich dem deutschen &hellip; <\/p>\n<p class=\"link-more\"><a href=\"http:\/\/www.renfordt-ahnen.de\/wordpress\/der-musiker-juergen-renfordt\/\" class=\"more-link\"><span class=\"screen-reader-text\">\u201eDer Musiker J\u00fcrgen Renfordt\u201c<\/span> weiterlesen<\/a><\/p>\n","protected":false},"author":1,"featured_media":0,"parent":0,"menu_order":0,"comment_status":"closed","ping_status":"closed","template":"","meta":{"jetpack_post_was_ever_published":false,"footnotes":""},"class_list":["post-82","page","type-page","status-publish","hentry"],"jetpack_sharing_enabled":true,"jetpack_shortlink":"https:\/\/wp.me\/P8qp12-1k","jetpack-related-posts":[],"_links":{"self":[{"href":"http:\/\/www.renfordt-ahnen.de\/wordpress\/wp-json\/wp\/v2\/pages\/82","targetHints":{"allow":["GET"]}}],"collection":[{"href":"http:\/\/www.renfordt-ahnen.de\/wordpress\/wp-json\/wp\/v2\/pages"}],"about":[{"href":"http:\/\/www.renfordt-ahnen.de\/wordpress\/wp-json\/wp\/v2\/types\/page"}],"author":[{"embeddable":true,"href":"http:\/\/www.renfordt-ahnen.de\/wordpress\/wp-json\/wp\/v2\/users\/1"}],"replies":[{"embeddable":true,"href":"http:\/\/www.renfordt-ahnen.de\/wordpress\/wp-json\/wp\/v2\/comments?post=82"}],"version-history":[{"count":2,"href":"http:\/\/www.renfordt-ahnen.de\/wordpress\/wp-json\/wp\/v2\/pages\/82\/revisions"}],"predecessor-version":[{"id":93,"href":"http:\/\/www.renfordt-ahnen.de\/wordpress\/wp-json\/wp\/v2\/pages\/82\/revisions\/93"}],"wp:attachment":[{"href":"http:\/\/www.renfordt-ahnen.de\/wordpress\/wp-json\/wp\/v2\/media?parent=82"}],"curies":[{"name":"wp","href":"https:\/\/api.w.org\/{rel}","templated":true}]}}